?
False
Is 6170687 a prime number?
False
Is 249184543 a prime number?
False
Is 22673831 composite?
True
Is 77553863 a composite number?
True
Is 18333767 a prime number?
False
Is 162081679 prime?
False
Is 2224679 a composite number?
False
Is 79948501 a composite number?
True
Is 1534727 a composite number?
False
Is 1237549 a composite number?
True
Is 1567919 prime?
False
Is 7250099 a prime number?
True
Is 3300811 prime?
True
Is 3262211 composite?
True
Is 1092629 composite?
False
Is 28435319 prime?
False
Is 26849887 prime?
False
Is 101819 composite?
True
Is 71329119 a prime number?
False
Is 7788029 composite?
False
Is 10307753 a composite number?
False
Is 22342205 a prime number?
False
Is 238562203 composite?
True
Is 84601217 a prime number?
True
Is 3890473 prime?
False
Is 134077049 prime?
True
Is 479653 prime?
False
Is 2600153 composite?
True
Is 30949717 prime?
True
Is 3156119 a prime number?
False
Is 5880209 a composite number?
False
Is 6842981 prime?
True
Is 95824283 prime?
True
Is 728261 prime?
True
Is 2276201 composite?
False
Is 90943799 prime?
True
Is 2851169 prime?
True
Is 57093341 composite?
False
Is 6590261 prime?
True
Is 6074239 prime?
True
Is 1098413891 prime?
True
Is 14216729 a prime number?
True
Is 6990953 composite?
False
Is 972754 a composite number?
True
Is 4192147 a prime number?
False
Is 113921 a prime number?
True
Is 5825023 composite?
True
Is 52400731 a prime number?
True
Is 5336671 a composite number?
False
Is 2181533 composite?
True
Is 122043037 composite?
True
Is 9184555 a prime number?
False
Is 537247 composite?
True
Is 8079781 prime?
False
Is 3885499 prime?
True
Is 12715939 a composite number?
False
Is 9461281 composite?
False
Is 4170953 a composite number?
False
Is 5221991 a composite number?
True
Is 5656921 prime?
True
Is 22575431 a composite number?
False
Is 5202559 a composite number?
False
Is 867541 a composite number?
False
Is 12015643 a composite number?
False
Is 1189453 a prime number?
True
Is 49639013 a prime number?
True
Is 47501291 composite?
False
Is 18195139 a composite number?
True
Is 184906717 composite?
False
Is 15802117 a composite number?
False
Is 492956027 a composite number?
False
Is 2852797 composite?
False
Is 3527 a prime number?
True
Is 8267239 a composite number?
True
Is 40176329 prime?
True
Is 197707 a composite number?
True
Is 654675773 composite?
False
Is 82780559 a composite number?
False
Is 39504871 prime?
False
Is 18423211 a prime number?
True
Is 3576277 a prime number?
False
Is 516808346 a prime number?
False
Is 26794893 a prime number?
False
Is 15225677 prime?
True
Is 1066868701 a prime number?
False
Is 98688895 composite?
True
Is 42056137 a composite number?
True
Is 2307229 prime?
True
Is 2051521 composite?
True
Is 10329037 prime?
False
Is 25133207 prime?
False
Is 134947 a composite number?
False
Is 429239 composite?
True
Is 2221379 prime?
True
Is 13613543 a composite number?
True
Is 201772187 prime?
True
Is 97067591 a composite number?
True
Is 14870159 a prime number?
False
Is 270300257 a composite number?
False
Is 14986769 a composite number?
True
Is 17244143 a composite number?
True
Is 748445 prime?
False
Is 753071269 composite?
False
Is 4173153 a composite number?
True
Is 43811021 a composite number?
True
Is 106529 prime?
False
Is 347441 a prime number?
False
Is 198586901 prime?
True
Is 13139093 composite?
True
Is 3311261 composite?
True
Is 3605527 a composite number?
True
Is 538621 a composite number?
False
Is 36153899 composite?
False
Is 47250499 composite?
True
Is 1091459 prime?
True
Is 4436321 prime?
True
Is 204562957 a prime number?
True
Is 14940053 prime?
True
Is 6293533 a prime number?
True
Is 2830171 a composite number?
True
Is 407471 composite?
False
Is 521321257 prime?
False
Is 9124743 a composite number?
True
Is 50653214 a prime number?
False
Is 29262617 composite?
False
Is 5855719 prime?
True
Is 151001 a composite number?
True
Is 1387913 a prime number?
True
Is 7535291 a prime number?
False
Is 32696801 a composite number?
False
Is 20432507 composite?
True
Is 22235039 a prime number?
False
Is 1108535 a composite number?
True
Is 14885539 composite?
False
Is 17706071 composite?
True
Is 166402849 a composite number?
True
Is 122753531 composite?
True
Is 25002053 a composite number?
True
Is 8176661 a composite number?
True
Is 278359 a prime number?
False
Is 1332759 a composite number?
True
Is 5425123 prime?
False
Is 18598197 a prime number?
False
Is 243465883 composite?
True
Is 52346207 composite?
False
Is 91140071 a prime number?
False
Is 8003777 composite?
False
Is 31967827 a composite number?
False
Is 1369739 prime?
False
Is 7048441 composite?
False
Is 96998947 composite?
False
Is 1400969 prime?
False
Is 64217 prime?
True
Is 5925793 a composite number?
True
Is 2538177 a composite number?
True
Is 545617 a composite number?
False
Is 10171181 a prime number?
True
Is 121130929 composite?
False
Is 2249477 composite?
False
Is 142092539 a composite number?
False
Is 31434245 a composite number?
True
Is 5886239 a composite number?
False
Is 16895257 a composite number?
False
Is 11769701 a composite number?
False
Is 58263679 prime?
False
Is 51408557 prime?
False
Is 4295327 composite?
True
Is 442481315 a prime number?
False
Is 825547 a prime number?
True
Is 109129261 prime?
False
Is 5279381 a composite number?
True
Is 23698861 a prime number?
False
Is 28424401 a composite number?
False
Is 61268219 prime?
False
Is 84456139 a composite number?
False
Is 22980287 composite?
True
Is 36847 a composite number?
False
Is 190905793 prime?
False
Is 11842615 a prime number?
False
Is 177995687 composite?
False
Is 2092561 a prime number?
True
Is 10895107 composite?
False
Is 37917962 composite?
True
Is 73164911 composite?
False
Is 147238909 composite?
False
Is 110698473 a composite number?
True
Is 71758047 a prime number?
False
Is 151313459 a prime number?
False
Is 107493931 prime?
True
Is 779260871 composite?
False
Is 23540441 prime?
True
Is 53043287 a prime number?
False
Is 57874442 composite?
True
Is 29425885 a composite number?
True
Is 61307249 a composite number?
False
Is 3738743 prime?
True
Is 637553 prime?
False
Is 163971823 a prime number?
True
Is 11705613 prime?
False
Is 5513231 a composite number?
True
Is 62591 a prime number?
True
Is 2841653 a prime number?
True
Is 536972197 composite?
False
Is 262617659 prime?
False
Is 27316853 composite?
True
Is 242693317 composite?
True
Is 15395959 a prime number?
False
Is 436847 composite?
True
Is 6632501 a composite number?
True
Is 53422351 a prime number?
True
Is 2188409 a composite number?
False
Is 92160127 composite?
True
Is 81322867 a composite number?
True
Is 162886517 prime?
False
Is 40431637 a composite number?
True
Is 33446291 a prime number?
True
Is 619967 a prime number?
True
Is 6797347 prime?
True
Is 2269237 composite?
False
Is 5182241 a prime number?
False
Is 152006053 a composite number?
True
Is 2170069 prime?
False
Is 9283301 prime?
False
Is 10176151 prime?
False
Is 566023 composite?
False
Is 159231089 composite?
True
Is 116947921 a composite number?
False
Is 14711633 prime?
False
Is 1417261 a prime number?
True
Is 65402515 a prime number?
False
Is 105239089 composite?
False
Is 2316982 prime?
False
Is 254660585 a composite number?
True
Is 10949723 a composite number?
False
Is 2968582 prime?
False
Is 9739727 a composite number?
True
Is 12089141 prime?
False
Is 3254665 a prime number?
False
Is 4154639 prime?
True
Is 177454079 composite?
True
Is 1416667 a composite number?
True
Is 5599849 prime?
False
Is 271221413 a prime number?
True
Is 6980497 prime?
True
Is 81961 a prime number?
False
Is 12284729 composite?
True
Is 98971699 composite?
False
Is 288052327 a prime number?
False
Is 5717351 prime?
False
Is 874382 a prime number?
False
Is 8378191 prime?
False
Is 1267613 prime?
True
Is 109317343 composite?
False
Is 605171 a prime number?
False
Is 8062882 composite?
True
Is 712001 prime?
False
Is 89928143 a composite number?
True
Is 27697387 prime?
True
Is 7049495 a prime number?
False
Is 4058543 a prime number?
True
Is 737445047 a prime number?
True
Is 15221387 a prime number?
True
Is 20695679 a composite number?
False
Is 2133023 composite?
False
Is 2759819 a prime number?
True
Is 3498485 composite?
True
Is 12192601 a composite number?
False
